In base 13, what is -8 - -918?
910
In base 6, what is -214 - 2?
-220
In base 11, what is 13 + -10?
3
In base 15, what is -31 + -b?
-3c
In base 12, what is 32a + -10?
31a
In base 2, what is -10 + -1?
-11
In base 14, what is -18 + 4?
-14
In base 5, what is -3113 + -1?
-3114
In base 3, what is 12 - 100012?
-100000
In base 4, what is 223 - 13?
210
In base 16, what is 0 + 5c5?
5c5
In base 5, what is -12 - 100?
-112
In base 2, what is -100 - -11000110?
11000010
In base 11, what is 972a - 3?
9727
In base 10, what is -16 - 4?
-20
In base 5, what is 42 - 1100?
-1003
In base 12, what is 6a - 1a4?
-136
In base 8, what is 2 + -334?
-332
In base 10, what is -7 + 37?
30
In base 10, what is -514 - -4?
-510
In base 6, what is -23450 - -4?
-23442
In base 13, what is -1 + 1b77?
1b76
In base 15, what is -10 + -d6?
-e6
In base 5, what is -3 + 303?
300
In base 7, what is 4 - -46?
53
In base 13, what is 3 - 1b54?
-1b51
In base 4, what is -13 - 23?
-102
In base 6, what is 12 + -50?
-34
In base 3, what is -221202 + -2?
-221211
In base 13, what is 2079 - -4?
2080
In base 12, what is -4 - aa6?
-aaa
In base 7, what is 3400 + -1?
3366
In base 15, what is 3d - 6?
37
In base 14, what is 96 - -2?
98
In base 10, what is -1735 - 5?
-1740
In base 8, what is 3 + -1402?
-1377
In base 11, what is 4 + 80?
84
In base 3, what is 121101 - -111?
121212
In base 8, what is -211 + -5?
-216
In base 14, what is -3 - -895?
892
In base 7, what is 212 - 25?
154
In base 15, what is -ae + -11?
-c0
In base 8, what is 4 - -172?
176
In base 9, what is 4 + -2646?
-2642
In base 9, what is -2 + 3451?
3448
In base 16, what is 4e - -2?
50
In base 5, what is 4234 - 10?
4224
In base 2, what is -10111 + -1?
-11000
In base 2, what is -101 - -1100110110?
1100110001
In base 6, what is 13115 + 4?
13123
In base 15, what is 3598 - -4?
359c
In base 3, what is 121 - 221210?
-221012
In base 16, what is -89 - 3?
-8c
In base 13, what is -20 + 50?
30
In base 9, what is 3 + 1831?
1834
In base 2, what is -1001011010 + -100?
-1001011110
In base 16, what is -1a4 + 1?
-1a3
In base 11, what is a3 + -116?
-23
In base 6, what is -33 + 13?
-20
In base 16, what is 1919 + -1?
1918
In base 5, what is -22 - -1232?
1210
In base 10, what is 3 + -403?
-400
In base 12, what is a372 + 1?
a373
In base 12, what is 4 + -1a0?
-198
In base 9, what is 2 + 2221?
2223
In base 10, what is -483 - -18?
-465
In base 4, what is -2 + -11310?
-11312
In base 3, what is -2 - -20020?
20011
In base 9, what is 3 + -8086?
-8083
In base 8, what is -5 - -665?
660
In base 8, what is 1 - 100?
-77
In base 14, what is 4 - 40?
-3a
In base 3, what is -21210 - 12?
-21222
In base 8, what is 1 - -2751?
2752
In base 13, what is 1 - -4?
5
In base 8, what is -15 + -3?
-20
In base 11, what is 102 + 40?
142
In base 4, what is 11 - 301?
-230
In base 12, what is -5 + -80?
-85
In base 6, what is 2 - -40?
42
In base 3, what is 11 + 102202?
102220
In base 13, what is -4 - 20?
-24
In base 11, what is 1898 - -4?
18a1
In base 13, what is 0 + 3685?
3685
In base 12, what is -26 - 87?
-b1
In base 6, what is -114 + -5?
-123
In base 2, what is -10001001 + -11?
-10001100
In base 13, what is -29c3 - 4?
-29c7
In base 3, what is -12 + 102?
20
In base 15, what is 22 - -5?
27
In base 11, what is 7 + -28?
-21
In base 16, what is 0 - 3?
-3
In base 10, what is -871 + -2?
-873
In base 11, what is -30 - 13?
-43
In base 2, what is 101001001 + -1?
101001000
In base 9, what is 2 + 27?
30
In base 6, what is 524 + 32?
1000
In base 4, what is 3 + -122?
-113
In base 3, what is -2200 + 201?
-1222
In base 16, what is -e - -2?
-c
In base 2, what is 111 + -101111110?
-101110111
In base 10, what is 83 + -160?
-77
In base 12, what is -1 + -3?
-4
In base 8, what is -3 - -174?
171
In base 13, what is -6 - -3?
-3
In base 11, what is -1a1 - 1?
-1a2
In base 12, what is 18 + -5?
13
In base 12, what is -55 - a?
-63
In base 4, what is 10311120 - -1?
10311121
In base 8, what is 6430 + -5?
6423
In base 11, what is 1 - -1074?
1075
In base 14, what is 147 - 42?
105
In base 14, what is 63 + -3?
60
In base 9, what is 4 - -131?
135
In base 8, what is -1576 + 11?
-1565
In base 6, what is 155505 - -2?
155511
In base 4, what is 232 + -311?
-13
In base 10, what is -1 - 8?
-9
In base 16, what is -4 - a8?
-ac
In base 15, what is 5016 - 0?
5016
In base 9, what is 6566 - 3?
6563
In base 12, what is -6a3 + 2?
-6a1
In base 4, what is 100312 + 1?
100313
In base 14, what is -5 - 20?
-25
In base 15, what is -2 - -3d?
3b
In base 14, what is aa8 - 1?
aa7
In base 6, what is 3 + -352?
-345
In base 9, what is -20 + -3?
-23
In base 6, what is 2 - 45?
-43
In base 12, what is 102bb - -1?
10300
In base 14, what is 0 + -3?
-3
In base 12, what is 4 - -1a?
22
In base 15, what is 2 + -29?
-27
In base 13, what is -928 - 0?
-928
In base 7, what is 26 + 403?
432
In base 10, what is 1 + 1843?
1844
In base 14, what is 20 + 17?
37
In base 7, what is 226 + 5?
234
In base 5, what is -123 + -10003?
-10131
In base 2, what is 10 + 10110111?
10111001
In base 4, what is -12 + -211?
-223
In base 7, what is -1362 + 6?
-1353
In base 6, what is -43514 + 5?
-43505
In base 13, what is -3 - -14?
11
In base 7, what is 251 + 4?
255
In base 11, what is -19 - -104?
96
In base 6, what is -2344 - -3?
-2341
In base 10, what is 16 - -156?
172
In base 12, what is -66 - -6?
-60
In base 14, what is 5 - -7dc?
803
In base 16, what is -4 - -54e?
54a
In base 6, what is 4 - -31?
35
In base 5, what is 1413 - -10?
1423
In base 13, what is -6 + -22a?
-233
In base 15, what is 2 + -d4?
-d2
In base 7, what is 0 + -34?
-34
In base 14, what is -308 - 4?
-30c
In base 14, what is -b + -14?
-21
In base 9, what is 26 + 2?
28
In base 2, what is 111001101 + 100?
111010001
In base 7, what is -632 - -6?
-623
In base 15, what is -10 + 0?
-10
In base 4, what is -23203 + -11?
-23220
In base 8, what is 1106 - -3?
1111
In base 8, what is -5 + -43?
-50
In base 15, what is 4 - -29?
2d
In base 14, what is -3c7b + 3?
-3c78
In base 12, what is -7 + 3?
-4
In base 5, what is 222 + 4?
231
In base 10, what is -6 + 23?
17
In base 2, what is 100 - -11110?
100010
In base 11, what is 4 + -2101?
-20a8
In base 11, what is -a + -13?
-22
In base 5, what is 0 - -444?
444
In base 12, what is 77 - 19?
5a
In base 7, what is -5 - 3430?
-3435
In base 11, what is -79 - 1a?
-98
In base 8, what is -2 + 175?
173
In base 13, what is -3 + -a38?
-a3b
In base 11, what is 544 - 8?
537
In base 7, what is 0 + 1021?
1021
In base 16, what is -33 - -3?
-30
In base 16, what is f2 - -2?
f4
In base 15, what is -1 - 1c?
-1d
In base 3, what is -11112 - -10?
-11102
In base 12, what is -2333 + 3?
-2330
In base 4, what is 0 - -13033?
13033
In base 14, what is 2ba + 4?
2c0
In base 9, what is -2015 + -5?
-2021
In base 13, what is 3 + 152?
155
In base 16, what is 53 - -3c?
8f
In base 16, what is 1d4 + 4?
1d8
In base 5, what is 0 + -1234?
-1234
In base 4, what is -110 - -1011?
301
In base 14, what is -16 + -163?
-179
In base 8, what is 6 - -1531?
1537
In base 9, what is -3 + -651?
-654
In base 4, what is 12 - 110?
-32
In base 16, what is -7 + -1d0?
-1d7
In base 4, what is 22311 + 2?
22313
In base 7, what is -4104 + -3?
-4110
In base 15, what is -1 - -147b?
147a
In base 2, what is 101 - -1001100?
1010001
In base 4, what is 2 - -3200?
3202
In base 10, what is -756 + 4?
-752
In base 11, what is -50 + -2?
-52
In base 5, what is 10043 + 3?
10101
In base 2, what is 100 + 110001100110?
110001101010
In base 2, what is -100 + -1001100100010?
-1001100100110
In base 3, what is 20210111 - -10?
20210121
In base 10, what is -988 - 20?
-1008
In base 4, what is 13 + -232023?
-232010
In base 9, what is -126 + 130?
3
In base 4, what is 2 + -22022?
-22020
In base 2, what is -1 - 100?
-101
In base 5, what is 12 + 4343?
4410
In base 13, what is -3b8 - 9?
-3c4
In base 10, what is 3 - 239?
-236
In base 4, what is 3022 - 2113?
303
In base 4, what is -20222 + -10?
-20232
In base 3, what is -1120122 - 10?
-1120202
In base 14, what is 18 + 2?
1a
In base 16, what is 15 + 1d?
32
In base 2, what is 111000 - 10000011?
-1001011
In base 3, what is -101111 + -2?
-101120
In base 9, what is 351 - 5?
345
In base 10, what is -1149 - -3?
-1146
In base 9, what is 103 + 5?
108
In base 10, what is -1 + -1150?
-1151
In base 7, what is 32 - 121?
-56
In base 8, what is 264 - -1?
265
In base